-6. Suppose -q*d - d + 96 = 0. Calculate the highest common factor of 8 and d.
8
Let u(m) = 0*m - m + 9*m. Let p be u(2). What is the highest common factor of p and 4?
4
Suppose -2*q + 132 = q. Suppose 2*u - x - 4 = q, u + 4*x = 24. Calculate the highest common divisor of 6 and u.
6
Let o(c) = -931*c - 1. Suppose 3*r - u = -8, -5*r + 1 + 19 = 5*u. Let s be o(r). Suppose -5*t - 50 = -s. What is the greatest common factor of 16 and t?
16
Suppose 0 = 3*n - 27 + 81. Let w = 28 - 27. Let a be n/(-4)*2*w. Calculate the highest common divisor of 9 and a.
9
Let b = 92 - 42. Let c = 119 - b. Let q = 3 + c. What is the highest common divisor of 9 and q?
9
Suppose 4*q = q. Suppose n + q*n - 2 = 0. Let b be (-15)/(n/(-4) + -1). What is the highest common factor of 90 and b?
10
Let j(g) = g**2 + 6*g - 8. Let l be j(-8). Let f be (2/4)/(2/4). Let m be -1 + -1 - -10*f. What is the highest common factor of l and m?
8
Suppose 4*b = 62 + 78. What is the greatest common factor of b and 5?
5
Let j = 9 + 10. Suppose 4*k = -120 + 804. What is the greatest common factor of k and j?
19
Let n = -136 - -139. What is the greatest common divisor of 33 and n?
3
Suppose 0 = 5*f + 13 + 7. Let u be 10*(-4)/32*f. What is the greatest common divisor of 25 and u?
5
Suppose 5*w - 2*d = 130, 2*w - 5*d + 71 = 6*w. Calculate the highest common divisor of w and 60.
12
Suppose -2*q = 3*p + 10, 0 = 4*p + 4*q + 20. Suppose p = -9*k + 4*k + 135. Calculate the highest common factor of 9 and k.
9
Suppose -3*t - 3*h + 8*h = -43, 4*t = h + 29. Suppose 20 = 4*y - 16. Calculate the greatest common factor of t and y.
3
Let l(q) = q**2 + 7*q + 32. Let b be l(-13). Calculate the greatest common divisor of b and 20.
10
Let m = -8 + 9. What is the greatest common divisor of 5 and m?
1
Suppose -6 + 2 = -2*n. Suppose -n*v = 4*r - 52, -r - 4*r = -5*v + 130. Let s be 0 - (-3*5 + 2). What is the greatest common divisor of s and v?
13
Suppose 4*h - 2*d - 122 = 2, 31 = h - 4*d. What is the greatest common divisor of h and 403?
31
Let w(r) = 2*r**2 + 3*r - 5. Let n be w(6). Suppose 0 = 5*j - 80 - 105. Let x = j + -3. Calculate the highest common factor of n and x.
17
Let p be ((-4)/3)/(6/(-45)). Let q = 18 - p. Calculate the highest common factor of q and 4.
4
Suppose s - 6 = -2*v, -2*s - 5*v = s - 23. Let g be (-3)/(-9) - 62*(-34)/12. Calculate the highest common factor of s and g.
16
Let w(m) = 7*m - 10. Let z be w(3). Calculate the greatest common divisor of z and 11.
11
Let p be 2/(-4) + (-15)/(-2). Let x(w) = -4 - 2*w - 1 - 2*w + p. Let m be x(-6). Calculate the greatest common divisor of m and 65.
13
Suppose -10*g + 45 = -7*g. What is the highest common divisor of g and 195?
15
Suppose 0 = -4*w - b + 95, -4*w - 5*b = -3*w - 19. Let y = 26 + w. Suppose -4*g + 7*g = 3, -19 = -2*n + g. Calculate the greatest common factor of n and y.
10
Let o(j) = 5*j + 2*j - 2*j + 7*j. Let i be o(1). Calculate the greatest common factor of 3 and i.
3
Suppose s - 4*z = -29 + 10, -4*z + 17 = -3*s. Suppose -u - 16 = -2*b + 7, -3*b + 5*u + 45 = 0. What is the greatest common divisor of s and b?
1
Let o(u) = 2*u**2 + 3*u - 13. Let b(v) = 3*v**2 + 5*v - 26. Let x(d) = -3*b(d) + 5*o(d). Let h be x(0). What is the highest common factor of h and 26?
13
Let m be (-2*1 - 0) + 5. Suppose -2*y = -5*y + m. Let h(p) = 3*p**3 + p - 1. Let u be h(y). What is the greatest common factor of u and 15?
3
Let o = 198 - 184. Let m be -1 + 1 + -3 + 1. Let y = m + 37. What is the highest common divisor of y and o?
7
Suppose -n + 4 = 0, 4*f - 9*f - 4*n + 46 = 0. Let a = f + -6. Suppose a = 5*y - 316 - 44. Calculate the highest common divisor of 9 and y.
9
Let x = -1 + -12. Suppose -5*s = -4*c, 0 = c + 6 - 1. Let q = s - x. What is the highest common divisor of q and 63?
9
Let c = 121 - 85. What is the highest common divisor of c and 12?
12
Let n = -53 - -55. What is the highest common divisor of n and 14?
2
Let o be (-168)/(-78) + (-4)/26. Suppose -85 = -7*g + o*g. Calculate the highest common factor of g and 119.
17
Let z(q) = 2*q + 8. Let g be z(7). Calculate the highest common factor of 22 and g.
22
Let c(d) be the third derivative of -d**6/120 + 2*d**5/15 - d**4/3 + 2*d**3/3 + 9*d**2. Let w be c(6). Calculate the highest common factor of w and 4.
4
Let m(f) = f + 1. Let n be m(3). Suppose n*w - 80 = 3*x, -5*w + 6*w = -5*x + 20. What is the highest common factor of 5 and w?
5
Let q(b) be the third derivative of b**5/30 + b**4/4 + 2*b**3/3 - b**2. Let g be q(-5). Suppose 5*z + 0 = 15. Calculate the greatest common divisor of g and z.
3
Let z be 4/6 + (-95)/(-15). What is the greatest common divisor of z and 7?
7
Suppose 3*j + j = 20. Suppose 8 = j*z - z. Suppose 27 = 2*a + 2*p - 69, z*a - 5*p - 96 = 0. What is the greatest common factor of 6 and a?
6
Suppose -3*g + 4*g - 8 = 5*w, 0 = -2*w. Suppose -d + 0*d - 4 = 2*c, -2*d - 8 = 3*c. Let i = c - -1. Calculate the highest common divisor of g and i.
1
Let w be (-53)/(-2) - (-6)/4. Suppose w - 10 = 3*n. Let t = 18 - -48. Calculate the greatest common divisor of t and n.
6
Let w be -28*(-5)/(140/24). Calculate the greatest common factor of 3 and w.
3
Let c(g) = g**3 + 10*g**2 + 7*g - 13. Let k be c(-9). Suppose -4*i - 120 = -5*n - 9*i, 0 = k*n + 4*i - 118. Calculate the highest common divisor of 242 and n.
22
Let q be 4/(-16) - (-1)/4. Suppose q*t = -5*t + 35. What is the greatest common factor of 7 and t?
7
Suppose -4*l + 17 = 5*y, 3*l - 2*y = -2*l + 13. Suppose 5 = -t + 6*t. Calculate the highest common divisor of l and t.
1
Suppose -2*o - 3*o + 5 = 0. Let d be -1 - -5 - (-2 + o). Calculate the greatest common divisor of d and 20.
5
Let a = -10 + 31. Calculate the greatest common divisor of 21 and a.
21
Let r be (0 + 342)*(-11)/(-22). What is the greatest common factor of r and 19?
19
Suppose -4*o + 6 = 2*h, 0 = 2*h + 5*o - 9*o - 46. Calculate the highest common divisor of 65 and h.
13
Let x = 2 + 0. Suppose -2 = -w + 3. Suppose -3*c + w = 2*c. What is the highest common divisor of c and x?
1
Let b(h) = h + 2*h - 4 - 4. Let r(i) = 2*i - 4. Let a be r(5). Let s be b(a). What is the greatest common factor of s and 110?
10
Let b be 23 - 1*(1 + -3). Calculate the highest common factor of 75 and b.
25
Suppose 23 = 3*w - 106. Suppose 4*p + f - w = 0, -p + f = -4 - 3. What is the greatest common divisor of p and 15?
5
Let w(y) = -y**3 + 13*y**2 - 10*y - 9. Let x be w(12). Suppose 6 = 7*v - 6*v. Calculate the highest common factor of v and x.
3
Let n = -3 - -6. Suppose 0 = b - 2*d + 2, 5 = -b + n*d - 0. What is the greatest common factor of 16 and b?
4
Let a = -4 - -8. Let w(j) = 2*j**2 - 20. Let x be w(-4). What is the greatest common factor of x and a?
4
Suppose 3*a = 5*l - 30, -2*l + l - 2*a = -6. Suppose -18 = -2*s + l. Calculate the highest common divisor of s and 96.
12
Let m be ((-20)/(-12))/(2/6). Let v be (4/(-5) - -1)*m. Let s(n) = 84*n**2. Let w be s(v). Calculate the highest common divisor of 12 and w.
12
Let v be (-6)/21 - 23/(-7). Suppose v*y - 5 = 25. What is the greatest common factor of 80 and y?
10
Let q be (0 - 10/(-4))*2. Let t = q + -1. What is the highest common divisor of 16 and t?
4
Let c be (-3 + 1 - 52/(-16))*8. Suppose -5*t + 3*y + 97 + 268 = 0, -120 = -2*t - 4*y. Calculate the greatest common factor of c and t.
10
Suppose 0*c + 130 = c. What is the highest common divisor of c and 52?
26
Let o = -44 - -70. Let k = -16 + o. Let y be 204/k + (-2)/5. What is the highest common factor of 4 and y?
4
Let i(v) = v**3 - v**2 + 10. Let p be i(0). What is the highest common divisor of 50 and p?
10
Suppose 4*g = 4*l + 24, 4*g + 4*l = 9*l + 21. Calculate the highest common divisor of g and 9.
9
Let z be (0 + 2)*(-2)/(-4). Let c(p) = -p - 14. Let v be c(-15). What is the greatest common divisor of v and z?
1
Suppose i - 2*i + 38 = 0. Let d = i + -3. Calculate the highest common divisor of 14 and d.
7
Suppose 0 = -5*u + 8 - 3, -349 = -2*y + u. Calculate the greatest common factor of y and 25.
25
Let b(r) = r**3 + 2*r**2 - r - 1. Let n be b(-2). Suppose 0 = -2*s - f + 52, n = s - 5*f - 3. Calculate the greatest common factor of s and 16.
8
Let g = -24 - -44. Suppose -2*u - 2 = 0, -3*c - 3*u - 2 + 14 = 0. Let a = g - c. What is the greatest common factor of a and 120?
15
Let w(k) be the 